 - w. What are the prime factors of q?
2, 3
Suppose 13 = -2*l + 17. What are the prime factors of (-3)/2 - (-97)/l?
47
Let f(b) be the third derivative of -b**5/60 - b**4/3 - 2*b**2. Suppose o = 1 - 7. List the prime factors of f(o).
2, 3
Suppose -4*k - 2*i = 188, 3*k + 195 - 52 = -i. Let x = 19 + k. Let l = -18 - x. What are the prime factors of l?
2, 3
Let y(b) = -3*b**2 + 2*b - 4. Let z(j) = 3*j**2 - j + 4. Let d(n) = -4*y(n) - 3*z(n). What are the prime factors of d(3)?
2
Let c(v) be the third derivative of v**4/24 + 3*v**3/2 + 4*v**2. What are the prime factors of c(-6)?
3
Let a(n) = -n**2 - 7*n - 9. Let i be a(-7). Let p = 32 + i. Suppose 5*h - p = 2*s, -h - 2*s = 3*h - 4. List the prime factors of h.
3
Let i(w) = -w**2 - 7*w + 7. Suppose -2*c + 27 = -4*c - 3*x, 3*x + 21 = -c. List the prime factors of i(c).
13
Suppose 0 = -2*q - o + 48 - 13, 4*q - 65 = -3*o. List the prime factors of q.
2, 5
Suppose -9 = -4*q - 1. Suppose q*t - 5*g - 9 = 0, -2*g - 2 = -0*g. Suppose -x + 20 = 3*v - t*x, 40 = 3*v + 4*x. What are the prime factors of v?
2
Let g be (-1)/4 - 3703/(-28). Suppose 0*f = -4*f + g. What are the prime factors of f?
3, 11
Let h(x) = -3*x + 6. Let d = -4 - -8. Let b be h(d). Let w(k) = k**3 + 6*k**2 + 4. List the prime factors of w(b).
2
Let p(d) = -8*d - 3. List the prime factors of p(-4).
29
Suppose 4*n = 2*n. Suppose n*m = m - 17. List the prime factors of (m/(-4))/((-8)/32).
17
Let w(v) be the third derivative of -v**4/12 - v**3/3 + v**2. Let n be w(-3). Suppose -2*r = n, 3*i + r - 5*r - 26 = 0. List the prime factors of i.
2, 3
Let a be -1 + 2 + (-2 - -1). Let n be 5/((-10)/(-8)) + -2. Suppose -2*r - 19 = -3*q - a, -n*q + 14 = -r. What are the prime factors of q?
3
Suppose y + 0 = 4. Suppose 0 = -3*h - y*j + 2*j + 40, -4*j - 40 = -4*h. List the prime factors of h.
2, 3
Let n = 18 + -13. Suppose -n*s = -12 - 48. Suppose 2*m + 5*y = 3*y + 18, m - s = -2*y. List the prime factors of m.
2, 3
Suppose 3*y = -y - 32. Let a(f) = -f**2 - 8*f - 1. Let v(x) = -x. Let d(g) = a(g) + v(g). List the prime factors of d(y).
7
Let u(w) = 7*w + 1. Let k be u(-3). Let i = k + 54. What are the prime factors of i?
2, 17
Let a(w) = -w - 2. What are the prime factors of a(-6)?
2
Suppose s + 4*u - 7 = -42, -11 = s - 4*u. Let l = s - -46. Let g = l - 3. List the prime factors of g.
2, 5
Let p = 6 + -3. Suppose 0 = -p*o - o + 44. Suppose -5*x + 21 + 23 = 4*f, 4*x = -f + o. What are the prime factors of f?
11
Let q be (-16)/6*(-15)/4. Suppose -2*a + q = -0*a. Suppose -2*d = -4*n + 48, 12 = n - a*d + 3*d. List the prime factors of n.
2, 3
Let m = -6 - -10. Suppose -29 = -0*d + 4*d + 3*h, 2*h = m*d + 34. What are the prime factors of (28/d)/((-1)/2)?
7
Let o(b) = -3*b - 5. Let i(z) = -2*z - 5. Let j(n) = 4*i(n) - 3*o(n). What are the prime factors of j(10)?
5
Let j(y) = -2*y**2 - 29*y - 18. What are the prime factors of j(-12)?
2, 3, 7
Let r be 124 - (-4 - (-6 + 2)). Suppose 3*o - 76 = -5*z, r = 4*o - 5*z + 46. What are the prime factors of o?
2, 11
Let m(d) = d**2 - 1. Let a be m(2). Suppose -18 = -o - o - 4*s, -a*s - 36 = -4*o. List the prime factors of o.
3
Suppose 56 = -5*j + 2*p, 4*p + 0*p - 16 = 2*j. Let q be 2 - (j/(-2))/(-3). Let f(m) = 2*m - 2. What are the prime factors of f(q)?
2, 3
Suppose -13 = -3*p + 2*f, 5 = 3*f + 2. Let h(c) = c + 5. What are the prime factors of h(p)?
2, 5
Let b = -30 + 55. Let a = -39 + 25. Let k = a + b. List the prime factors of k.
11
Suppose r + 4 = v, 0 = 4*v - v + 3*r. What are the prime factors of (-55 + 4)/((-3)/v)?
2, 17
Let r be 18 - (-1 + -1 + 1). Let q(z) = z**3 + 3*z**2 + 4*z + 4. Let n be q(-2). Suppose f - r + 4 = n. List the prime factors of f.
3, 5
Let i = -6 - 2. Let r be (-9)/12 - 54/i. List the prime factors of (12/10)/(r/15).
3
Suppose -1 = b - 8. Suppose 2*a = b*a - 55. List the prime factors of a.
11
Let f(k) = k**3 + 5*k**2 + k. Let a be f(-5). Let o = 11 + a. What are the prime factors of o?
2, 3
Let j(o) = 4*o - 18. List the prime factors of j(8).
2, 7
Let s(w) = -w**3 - 6*w**2 + 7*w + 9. Let o(i) = -7*i - 2. Let v be o(-2). Let j = -19 + v. List the prime factors of s(j).
3
List the prime factors of (-476)/(-6) + ((-10)/(-15))/1.
2, 5
Suppose -2*d + 4*f + 58 = 0, -4*d + f + 166 = 3*f. What are the prime factors of d?
3, 13
Suppose -5*n = 2*t - 265, -5*n + 4*t + 51 = -244. What are the prime factors of n?
5, 11
Let b(w) be the second derivative of w**3 + w**2/2 + 2*w. List the prime factors of b(2).
13
Suppose -2*c = -5 + 1. Let w be 0*c/(-2*1). Suppose w = -u + 2. List the prime factors of u.
2
Suppose -4*c = -4*t + 368, 3*c = -3 - 3. What are the prime factors of t?
2, 3, 5
Let i be 24/9*(-6)/(-4). Let x = -6 + 7. Suppose w = -x + i. List the prime factors of w.
3
Let k = -4 + 7. Suppose 5*c - k*x = -23 - 6, -c - 4*x = -8. Let h = c + 6. List the prime factors of h.
2
Let d(y) = y**3 + 9*y**2 - 8*y - 6. What are the prime factors of d(-8)?
2, 61
Suppose 4*f = v + 201, -2*f + v + 83 = 4*v. List the prime factors of f.
7
Let k(m) = -m**3 - 7*m**2 - 6*m - 3. Let q be k(-6). Let f = 18 - q. List the prime factors of f.
3, 7
Suppose 0 = 4*p - 4*c - 92, 7*c - 4*c = -3. Let f = 22 - 36. Let t = f + p. What are the prime factors of t?
2
Suppose 4*x + 4 - 17 = 3*h, x - 9 = -5*h. Let v = x + 20. List the prime factors of v.
2, 3
Let j = -22 - -65. Let o = 8 - j. List the prime factors of (-535)/o - 2/7.
3, 5
Let a = -6 + 3. What are the prime factors of (a/3)/1 - -5?
2
Suppose -p + 3*p = 6. Suppose p*k - 43 - 5 = 0. What are the prime factors of k?
2
Suppose -g - 16 = -5*r, 2 + 7 = 2*r - 3*g. What are the prime factors of r?
3
Suppose -4*x - 101 = -3*h, -5*h + 2*h + 5*x + 103 = 0. What are the prime factors of h?
31
Let d be (-1)/(6/(-4) - -1). Suppose 2*f = -d*h + 14, -h + f = 4*h - 65. Suppose -3 = 2*m + 3, 0 = 3*y + m - h. What are the prime factors of y?
5
Let c = 2 + 2. Suppose -3*w = -d - 10, -c*d = 2*w - 4*w - 10. List the prime factors of d.
5
Let r(j) = -j**3 + 3*j**2 + 4*j. Suppose h = 2*o - 10, 7 = -o + 4*h + 26. What are the prime factors of r(o)?
2, 3
Let j(o) = 2*o - 10 - 4*o + 1. Let m = -16 - -10. List the prime factors of j(m).
3
Suppose 0 = 5*n + 1 - 71. Suppose 3*i = i + n. Suppose -i = -b + 5. List the prime factors of b.
2, 3
Let x(s) be the second derivative of s**5/20 - s**4/6 - 2*s**3/3 + 3*s**2/2 + 3*s. Let j be x(3). Suppose j*r - 18 = -2*r. List the prime factors of r.
3
Let b = 12 - 6. Let g be (-16)/(-12) + 4/b. Suppose -g*v + 6 = -6. What are the prime factors of v?
2, 3
Let p = 224 - 121. List the prime factors of p.
103
Suppose 0*z = 5*z + 2*g - 65, 39 = 3*z + 4*g. What are the prime factors of z?
13
Let m(q) be the third derivative of -q**4/3 + q**3/6 - q**2. What are the prime factors of m(-1)?
3
Let j(f) = -f**3 - 4*f**2 - 2*f - 6. Let k be j(-4). Suppose -12 = -v - v + 4*m, 0 = k*v + 2*m. What are the prime factors of (v/3)/(4/30)?
5
Suppose -20 = -5*v, -5*b = 4*v - 10 - 36. Suppose 0 = q + q - b. Suppose -8*z + 30 = -q*z. What are the prime factors of z?
2, 3
What are the prime factors of ((-274)/4)/(10/(-20))?
137
Suppose 8*l - 24 = 4*l. Suppose -2*r + 17 = 3*r + 3*s, 4*r - 3*s - 19 = 0. Suppose -l = r*j - 7*j, o - 3*j = 12. What are the prime factors of o?
2, 3
Suppose 4*f - 3*w - 23 = 77, f = -w + 32. What are the prime factors of f?
2, 7
Let w(o) = o**3 + 13*o**2 + 10*o - 16. Let i be w(-12). List the prime factors of 62/4 + (-4)/i.
3, 5
Let i(g) = 4*g - 8. Let l be i(-8). Let h = l - -57. Suppose 3*k = h + 25. What are the prime factors of k?
2, 7
Let x(n) = -n**3 - 2*n**2 - 4*n + 2. Let w be x(-4). Let j = w - 20. What are the prime factors of j?
2, 3, 5
Suppose -4*j = -z - 14, -6*z + 3*z = -4*j + 10. Let m = 5 - -2. Suppose 3*l - z*f = 13, 2*f = l + 4*f - m. What are the prime factors of l?
5
Let h be 153 + (-1 - 2) + -2. Suppose -3*c - h = -7*c. List the prime factors of c.
37
Let u(q) = q**2 + q + 4. Let a(y) = y - 1. Let r be a(-2). Let d be u(r). Let c = -5 + d. What are the prime factors of c?
5
Let d be 3 - -2 - 2/(-2). Suppose 4 + 11 = -m. What are the prime factors of (m/(-9))/(2/d)?
5
Suppose -8*j + 228 = -2*j. List the prime factors of j.
2, 19
Suppose 3*h - 7 - 14 = 0. What are the prime factors of h?
7
Let a = 12 + -8. Suppose 2 = 2*r - a. List t